{"id":531,"date":"2025-02-07T16:21:14","date_gmt":"2025-02-07T15:21:14","guid":{"rendered":"https:\/\/catteryoftruelove.com\/?page_id=531"},"modified":"2026-03-24T19:16:00","modified_gmt":"2026-03-24T18:16:00","slug":"nos-chatons-dans-leurs-familles","status":"publish","type":"page","link":"https:\/\/catteryoftruelove.com\/index.php\/nos-chatons-dans-leurs-familles\/","title":{"rendered":"Nos chatons dans leurs familles"},"content":{"rendered":"\n<p>Voici le lien de l&#8217;album Facebook contenant toutes les photos de nos chatons dans leurs familles de l&#8217;ann\u00e9e 2016 \u00e0 aujourd&#8217;hui.<\/p>\n\n\n\n<p><a href=\"https:\/\/www.facebook.com\/media\/set\/?set=a.308357242892508&amp;type=3\">https:\/\/www.facebook.com\/media\/set\/?set=a.308357242892508&amp;type=3<\/a><\/p>\n\n\n\n<p>Si vous souhaitez voir l&#8217;\u00e9volution d&#8217;un chaton, il vous suffit de taper (dans la barre de recherche Facebook ou Google) son nom complet, son sexe et sa couleur comme ceci : &#8220;Un Chaton of True Love&#8221; &#8211; m\u00e2le &#8211; seal smoke point.<\/p>\n\n\n\n<p>Ainsi vous pourrez voir toutes les photos du chaton en question de son plus jeune \u00e2ge, avant son d\u00e9part de la chatterie \u00e2ge \u00e0 aujourd&#8217;hui.<\/p>\n\n\n\n<p>Je tiens particuli\u00e8rement \u00e0 remercier les adoptants de nos chatons pour les nouvelles et photos qu&#8217;ils nous donne d&#8217;eux, c&#8217;est tr\u00e8s pr\u00e9cieux car nous les gardons dans notre c\u0153ur et cela nous aide \u00e0 continuer notre passion, de plus cela nous permet d&#8217;am\u00e9liorer notre travail de s\u00e9lection.<br>Un grand merci !<br><\/p>\n\n\n\n<figure class=\"wp-block-gallery has-nested-images columns-default is-cropped wp-block-gallery-1 is-layout-flex wp-block-gallery-is-layout-flex\">\n<figure class=\"wp-block-image size-large\"><img loading=\"lazy\" decoding=\"async\" width=\"1024\" height=\"768\" data-id=\"858\" src=\"https:\/\/catteryoftruelove.com\/wp-content\/uploads\/2026\/03\/492073475_1165440795377979_8422594015901947790_n-1024x768.jpg\" alt=\"\" class=\"wp-image-858\" srcset=\"https:\/\/catteryoftruelove.com\/wp-content\/uploads\/2026\/03\/492073475_1165440795377979_8422594015901947790_n-1024x768.jpg 1024w, https:\/\/catteryoftruelove.com\/wp-content\/uploads\/2026\/03\/492073475_1165440795377979_8422594015901947790_n-300x225.jpg 300w, https:\/\/catteryoftruelove.com\/wp-content\/uploads\/2026\/03\/492073475_1165440795377979_8422594015901947790_n-768x576.jpg 768w, https:\/\/catteryoftruelove.com\/wp-content\/uploads\/2026\/03\/492073475_1165440795377979_8422594015901947790_n-1536x1152.jpg 1536w, https:\/\/catteryoftruelove.com\/wp-content\/uploads\/2026\/03\/492073475_1165440795377979_8422594015901947790_n.jpg 2048w\" sizes=\"auto, (max-width: 1024px) 100vw, 1024px\" \/><\/figure>\n\n\n\n<figure class=\"wp-block-image size-large\"><img loading=\"lazy\" decoding=\"async\" width=\"960\" height=\"720\" data-id=\"859\" src=\"https:\/\/catteryoftruelove.com\/wp-content\/uploads\/2026\/03\/485310823_2249399082121638_1136424557412289411_n.jpg\" alt=\"\" class=\"wp-image-859\" srcset=\"https:\/\/catteryoftruelove.com\/wp-content\/uploads\/2026\/03\/485310823_2249399082121638_1136424557412289411_n.jpg 960w, https:\/\/catteryoftruelove.com\/wp-content\/uploads\/2026\/03\/485310823_2249399082121638_1136424557412289411_n-300x225.jpg 300w, https:\/\/catteryoftruelove.com\/wp-content\/uploads\/2026\/03\/485310823_2249399082121638_1136424557412289411_n-768x576.jpg 768w\" sizes=\"auto, (max-width: 960px) 100vw, 960px\" \/><\/figure>\n\n\n\n<figure class=\"wp-block-image size-large\"><img loading=\"lazy\" decoding=\"async\" width=\"1024\" height=\"768\" data-id=\"860\" src=\"https:\/\/catteryoftruelove.com\/wp-content\/uploads\/2026\/03\/480985131_1119782039943855_168749899290988379_n-1024x768.jpg\" alt=\"\" class=\"wp-image-860\" srcset=\"https:\/\/catteryoftruelove.com\/wp-content\/uploads\/2026\/03\/480985131_1119782039943855_168749899290988379_n-1024x768.jpg 1024w, https:\/\/catteryoftruelove.com\/wp-content\/uploads\/2026\/03\/480985131_1119782039943855_168749899290988379_n-300x225.jpg 300w, https:\/\/catteryoftruelove.com\/wp-content\/uploads\/2026\/03\/480985131_1119782039943855_168749899290988379_n-768x576.jpg 768w, https:\/\/catteryoftruelove.com\/wp-content\/uploads\/2026\/03\/480985131_1119782039943855_168749899290988379_n-1536x1152.jpg 1536w, https:\/\/catteryoftruelove.com\/wp-content\/uploads\/2026\/03\/480985131_1119782039943855_168749899290988379_n.jpg 2048w\" sizes=\"auto, (max-width: 1024px) 100vw, 1024px\" \/><\/figure>\n\n\n\n<figure class=\"wp-block-image size-large\"><img loading=\"lazy\" decoding=\"async\" width=\"1024\" height=\"768\" data-id=\"861\" src=\"https:\/\/catteryoftruelove.com\/wp-content\/uploads\/2026\/03\/484565892_2249060478822165_5548557066140190469_n-1024x768.jpg\" alt=\"\" class=\"wp-image-861\" srcset=\"https:\/\/catteryoftruelove.com\/wp-content\/uploads\/2026\/03\/484565892_2249060478822165_5548557066140190469_n-1024x768.jpg 1024w, https:\/\/catteryoftruelove.com\/wp-content\/uploads\/2026\/03\/484565892_2249060478822165_5548557066140190469_n-300x225.jpg 300w, https:\/\/catteryoftruelove.com\/wp-content\/uploads\/2026\/03\/484565892_2249060478822165_5548557066140190469_n-768x576.jpg 768w, https:\/\/catteryoftruelove.com\/wp-content\/uploads\/2026\/03\/484565892_2249060478822165_5548557066140190469_n-1536x1152.jpg 1536w, https:\/\/catteryoftruelove.com\/wp-content\/uploads\/2026\/03\/484565892_2249060478822165_5548557066140190469_n.jpg 2048w\" sizes=\"auto, (max-width: 1024px) 100vw, 1024px\" \/><\/figure>\n\n\n\n<figure class=\"wp-block-image size-large\"><img loading=\"lazy\" decoding=\"async\" width=\"1024\" height=\"768\" data-id=\"862\" src=\"https:\/\/catteryoftruelove.com\/wp-content\/uploads\/2026\/03\/484968959_2249060605488819_8932969326242462707_n-1024x768.jpg\" alt=\"\" class=\"wp-image-862\" srcset=\"https:\/\/catteryoftruelove.com\/wp-content\/uploads\/2026\/03\/484968959_2249060605488819_8932969326242462707_n-1024x768.jpg 1024w, https:\/\/catteryoftruelove.com\/wp-content\/uploads\/2026\/03\/484968959_2249060605488819_8932969326242462707_n-300x225.jpg 300w, https:\/\/catteryoftruelove.com\/wp-content\/uploads\/2026\/03\/484968959_2249060605488819_8932969326242462707_n-768x576.jpg 768w, https:\/\/catteryoftruelove.com\/wp-content\/uploads\/2026\/03\/484968959_2249060605488819_8932969326242462707_n-1536x1152.jpg 1536w, https:\/\/catteryoftruelove.com\/wp-content\/uploads\/2026\/03\/484968959_2249060605488819_8932969326242462707_n.jpg 2048w\" sizes=\"auto, (max-width: 1024px) 100vw, 1024px\" \/><\/figure>\n\n\n\n<figure class=\"wp-block-image size-large\"><img loading=\"lazy\" decoding=\"async\" width=\"1024\" height=\"768\" data-id=\"863\" src=\"https:\/\/catteryoftruelove.com\/wp-content\/uploads\/2026\/03\/480860609_2228276817567198_3348206575003130853_n-1024x768.jpg\" alt=\"\" class=\"wp-image-863\" srcset=\"https:\/\/catteryoftruelove.com\/wp-content\/uploads\/2026\/03\/480860609_2228276817567198_3348206575003130853_n-1024x768.jpg 1024w, https:\/\/catteryoftruelove.com\/wp-content\/uploads\/2026\/03\/480860609_2228276817567198_3348206575003130853_n-300x225.jpg 300w, https:\/\/catteryoftruelove.com\/wp-content\/uploads\/2026\/03\/480860609_2228276817567198_3348206575003130853_n-768x576.jpg 768w, https:\/\/catteryoftruelove.com\/wp-content\/uploads\/2026\/03\/480860609_2228276817567198_3348206575003130853_n-1536x1152.jpg 1536w, https:\/\/catteryoftruelove.com\/wp-content\/uploads\/2026\/03\/480860609_2228276817567198_3348206575003130853_n.jpg 2048w\" sizes=\"auto, (max-width: 1024px) 100vw, 1024px\" \/><\/figure>\n\n\n\n<figure class=\"wp-block-image size-large\"><img loading=\"lazy\" decoding=\"async\" width=\"1024\" height=\"768\" data-id=\"864\" src=\"https:\/\/catteryoftruelove.com\/wp-content\/uploads\/2026\/03\/123462838_1166795600381997_2920954327433002646_n-1024x768.jpg\" alt=\"\" class=\"wp-image-864\" srcset=\"https:\/\/catteryoftruelove.com\/wp-content\/uploads\/2026\/03\/123462838_1166795600381997_2920954327433002646_n-1024x768.jpg 1024w, https:\/\/catteryoftruelove.com\/wp-content\/uploads\/2026\/03\/123462838_1166795600381997_2920954327433002646_n-300x225.jpg 300w, https:\/\/catteryoftruelove.com\/wp-content\/uploads\/2026\/03\/123462838_1166795600381997_2920954327433002646_n-768x576.jpg 768w, https:\/\/catteryoftruelove.com\/wp-content\/uploads\/2026\/03\/123462838_1166795600381997_2920954327433002646_n-1536x1152.jpg 1536w, https:\/\/catteryoftruelove.com\/wp-content\/uploads\/2026\/03\/123462838_1166795600381997_2920954327433002646_n.jpg 2048w\" sizes=\"auto, (max-width: 1024px) 100vw, 1024px\" \/><\/figure>\n\n\n\n<figure class=\"wp-block-image size-large\"><img loading=\"lazy\" decoding=\"async\" width=\"960\" height=\"720\" data-id=\"866\" src=\"https:\/\/catteryoftruelove.com\/wp-content\/uploads\/2026\/03\/492573755_2282338552161024_7058684074130446706_n.jpg\" alt=\"\" class=\"wp-image-866\" srcset=\"https:\/\/catteryoftruelove.com\/wp-content\/uploads\/2026\/03\/492573755_2282338552161024_7058684074130446706_n.jpg 960w, https:\/\/catteryoftruelove.com\/wp-content\/uploads\/2026\/03\/492573755_2282338552161024_7058684074130446706_n-300x225.jpg 300w, https:\/\/catteryoftruelove.com\/wp-content\/uploads\/2026\/03\/492573755_2282338552161024_7058684074130446706_n-768x576.jpg 768w\" sizes=\"auto, (max-width: 960px) 100vw, 960px\" \/><\/figure>\n\n\n\n<figure class=\"wp-block-image size-large\"><img loading=\"lazy\" decoding=\"async\" width=\"960\" height=\"720\" data-id=\"868\" src=\"https:\/\/catteryoftruelove.com\/wp-content\/uploads\/2026\/03\/491311337_2276009529460593_1462464527710877677_n.jpg\" alt=\"\" class=\"wp-image-868\" srcset=\"https:\/\/catteryoftruelove.com\/wp-content\/uploads\/2026\/03\/491311337_2276009529460593_1462464527710877677_n.jpg 960w, https:\/\/catteryoftruelove.com\/wp-content\/uploads\/2026\/03\/491311337_2276009529460593_1462464527710877677_n-300x225.jpg 300w, https:\/\/catteryoftruelove.com\/wp-content\/uploads\/2026\/03\/491311337_2276009529460593_1462464527710877677_n-768x576.jpg 768w\" sizes=\"auto, (max-width: 960px) 100vw, 960px\" \/><\/figure>\n\n\n\n<figure class=\"wp-block-image size-large\"><img loading=\"lazy\" decoding=\"async\" width=\"960\" height=\"621\" data-id=\"869\" src=\"https:\/\/catteryoftruelove.com\/wp-content\/uploads\/2026\/03\/491685347_2276055766122636_2941766777258904617_n.jpg\" alt=\"\" class=\"wp-image-869\" srcset=\"https:\/\/catteryoftruelove.com\/wp-content\/uploads\/2026\/03\/491685347_2276055766122636_2941766777258904617_n.jpg 960w, https:\/\/catteryoftruelove.com\/wp-content\/uploads\/2026\/03\/491685347_2276055766122636_2941766777258904617_n-300x194.jpg 300w, https:\/\/catteryoftruelove.com\/wp-content\/uploads\/2026\/03\/491685347_2276055766122636_2941766777258904617_n-768x497.jpg 768w\" sizes=\"auto, (max-width: 960px) 100vw, 960px\" \/><\/figure>\n\n\n\n<figure class=\"wp-block-image size-large\"><img loading=\"lazy\" decoding=\"async\" width=\"960\" height=\"540\" data-id=\"870\" src=\"https:\/\/catteryoftruelove.com\/wp-content\/uploads\/2026\/03\/490711259_2270237226704490_706503308791682432_n.jpg\" alt=\"\" class=\"wp-image-870\" srcset=\"https:\/\/catteryoftruelove.com\/wp-content\/uploads\/2026\/03\/490711259_2270237226704490_706503308791682432_n.jpg 960w, https:\/\/catteryoftruelove.com\/wp-content\/uploads\/2026\/03\/490711259_2270237226704490_706503308791682432_n-300x169.jpg 300w, https:\/\/catteryoftruelove.com\/wp-content\/uploads\/2026\/03\/490711259_2270237226704490_706503308791682432_n-768x432.jpg 768w\" sizes=\"auto, (max-width: 960px) 100vw, 960px\" \/><\/figure>\n<\/figure>\n\n\n\n<div class=\"wp-block-columns is-layout-flex wp-container-core-columns-is-layout-1 wp-block-columns-is-layout-flex\">\n<div class=\"wp-block-column is-layout-flow wp-block-column-is-layout-flow\"><\/div>\n\n\n\n<div class=\"wp-block-column is-layout-flow wp-block-column-is-layout-flow\"><\/div>\n<\/div>\n","protected":false},"excerpt":{"rendered":"<p>Voici le lien de l&#8217;album Facebook contenant toutes les photos de nos chatons dans leurs familles de l&#8217;ann\u00e9e 2016 \u00e0 aujourd&#8217;hui. https:\/\/www.facebook.com\/media\/set\/?set=a.308357242892508&amp;type=3 Si vous souhaitez voir l&#8217;\u00e9volution d&#8217;un chaton, il vous suffit de taper (dans la barre de recherche Facebook ou Google) son nom complet, son sexe et sa couleur [&hellip;]<\/p>\n","protected":false},"author":1,"featured_media":0,"parent":0,"menu_order":0,"comment_status":"closed","ping_status":"closed","template":"","meta":{"om_disable_all_campaigns":false,"_monsterinsights_skip_tracking":false,"_monsterinsights_sitenote_active":false,"_monsterinsights_sitenote_note":"","_monsterinsights_sitenote_category":0,"footnotes":""},"class_list":["post-531","page","type-page","status-publish","hentry"],"aioseo_notices":[],"yoast_head":"<!-- This site is optimized with the Yoast SEO plugin v23.9 - https:\/\/yoast.com\/wordpress\/plugins\/seo\/ -->\n<title>Nos chatons dans leurs familles - Cattery Of True Love<\/title>\n<meta name=\"robots\" content=\"index, follow, max-snippet:-1, max-image-preview:large, max-video-preview:-1\" \/>\n<link rel=\"canonical\" href=\"https:\/\/catteryoftruelove.com\/index.php\/nos-chatons-dans-leurs-familles\/\" \/>\n<meta property=\"og:locale\" content=\"en_US\" \/>\n<meta property=\"og:type\" content=\"article\" \/>\n<meta property=\"og:title\" content=\"Nos chatons dans leurs familles - Cattery Of True Love\" \/>\n<meta property=\"og:description\" content=\"Voici le lien de l&#8217;album Facebook contenant toutes les photos de nos chatons dans leurs familles de l&#8217;ann\u00e9e 2016 \u00e0 aujourd&#8217;hui. https:\/\/www.facebook.com\/media\/set\/?set=a.308357242892508&amp;type=3 Si vous souhaitez voir l&#8217;\u00e9volution d&#8217;un chaton, il vous suffit de taper (dans la barre de recherche Facebook ou Google) son nom complet, son sexe et sa couleur [&hellip;]\" \/>\n<meta property=\"og:url\" content=\"https:\/\/catteryoftruelove.com\/index.php\/nos-chatons-dans-leurs-familles\/\" \/>\n<meta property=\"og:site_name\" content=\"Cattery Of True Love\" \/>\n<meta property=\"article:publisher\" content=\"https:\/\/www.facebook.com\/CatteryOfTrueLove\" \/>\n<meta property=\"article:modified_time\" content=\"2026-03-24T18:16:00+00:00\" \/>\n<meta property=\"og:image\" content=\"https:\/\/catteryoftruelove.com\/wp-content\/uploads\/2026\/03\/492073475_1165440795377979_8422594015901947790_n.jpg\" \/>\n\t<meta property=\"og:image:width\" content=\"2048\" \/>\n\t<meta property=\"og:image:height\" content=\"1536\" \/>\n\t<meta property=\"og:image:type\" content=\"image\/jpeg\" \/>\n<meta name=\"twitter:card\" content=\"summary_large_image\" \/>\n<meta name=\"twitter:label1\" content=\"Est. reading time\" \/>\n\t<meta name=\"twitter:data1\" content=\"3 minutes\" \/>\n<script type=\"application\/ld+json\" class=\"yoast-schema-graph\">{\"@context\":\"https:\/\/schema.org\",\"@graph\":[{\"@type\":\"WebPage\",\"@id\":\"https:\/\/catteryoftruelove.com\/index.php\/nos-chatons-dans-leurs-familles\/\",\"url\":\"https:\/\/catteryoftruelove.com\/index.php\/nos-chatons-dans-leurs-familles\/\",\"name\":\"Nos chatons dans leurs familles - Cattery Of True Love\",\"isPartOf\":{\"@id\":\"https:\/\/catteryoftruelove.com\/#website\"},\"primaryImageOfPage\":{\"@id\":\"https:\/\/catteryoftruelove.com\/index.php\/nos-chatons-dans-leurs-familles\/#primaryimage\"},\"image\":{\"@id\":\"https:\/\/catteryoftruelove.com\/index.php\/nos-chatons-dans-leurs-familles\/#primaryimage\"},\"thumbnailUrl\":\"https:\/\/catteryoftruelove.com\/wp-content\/uploads\/2026\/03\/492073475_1165440795377979_8422594015901947790_n-1024x768.jpg\",\"datePublished\":\"2025-02-07T15:21:14+00:00\",\"dateModified\":\"2026-03-24T18:16:00+00:00\",\"breadcrumb\":{\"@id\":\"https:\/\/catteryoftruelove.com\/index.php\/nos-chatons-dans-leurs-familles\/#breadcrumb\"},\"inLanguage\":\"en-US\",\"potentialAction\":[{\"@type\":\"ReadAction\",\"target\":[\"https:\/\/catteryoftruelove.com\/index.php\/nos-chatons-dans-leurs-familles\/\"]}]},{\"@type\":\"ImageObject\",\"inLanguage\":\"en-US\",\"@id\":\"https:\/\/catteryoftruelove.com\/index.php\/nos-chatons-dans-leurs-familles\/#primaryimage\",\"url\":\"https:\/\/catteryoftruelove.com\/wp-content\/uploads\/2026\/03\/492073475_1165440795377979_8422594015901947790_n.jpg\",\"contentUrl\":\"https:\/\/catteryoftruelove.com\/wp-content\/uploads\/2026\/03\/492073475_1165440795377979_8422594015901947790_n.jpg\",\"width\":2048,\"height\":1536},{\"@type\":\"BreadcrumbList\",\"@id\":\"https:\/\/catteryoftruelove.com\/index.php\/nos-chatons-dans-leurs-familles\/#breadcrumb\",\"itemListElement\":[{\"@type\":\"ListItem\",\"position\":1,\"name\":\"Home\",\"item\":\"https:\/\/catteryoftruelove.com\/\"},{\"@type\":\"ListItem\",\"position\":2,\"name\":\"Nos chatons dans leurs familles\"}]},{\"@type\":\"WebSite\",\"@id\":\"https:\/\/catteryoftruelove.com\/#website\",\"url\":\"https:\/\/catteryoftruelove.com\/\",\"name\":\"Cattery Of True Love\",\"description\":\"\",\"publisher\":{\"@id\":\"https:\/\/catteryoftruelove.com\/#organization\"},\"potentialAction\":[{\"@type\":\"SearchAction\",\"target\":{\"@type\":\"EntryPoint\",\"urlTemplate\":\"https:\/\/catteryoftruelove.com\/?s={search_term_string}\"},\"query-input\":{\"@type\":\"PropertyValueSpecification\",\"valueRequired\":true,\"valueName\":\"search_term_string\"}}],\"inLanguage\":\"en-US\"},{\"@type\":\"Organization\",\"@id\":\"https:\/\/catteryoftruelove.com\/#organization\",\"name\":\"Cattery Of True Love\",\"url\":\"https:\/\/catteryoftruelove.com\/\",\"logo\":{\"@type\":\"ImageObject\",\"inLanguage\":\"en-US\",\"@id\":\"https:\/\/catteryoftruelove.com\/#\/schema\/logo\/image\/\",\"url\":\"https:\/\/catteryoftruelove.com\/wp-content\/uploads\/2024\/11\/Bani\u00e8re_cerisier_2024_couvertureFB-1.jpg\",\"contentUrl\":\"https:\/\/catteryoftruelove.com\/wp-content\/uploads\/2024\/11\/Bani\u00e8re_cerisier_2024_couvertureFB-1.jpg\",\"width\":720,\"height\":378,\"caption\":\"Cattery Of True Love\"},\"image\":{\"@id\":\"https:\/\/catteryoftruelove.com\/#\/schema\/logo\/image\/\"},\"sameAs\":[\"https:\/\/www.facebook.com\/CatteryOfTrueLove\"]}]}<\/script>\n<!-- \/ Yoast SEO plugin. -->","yoast_head_json":{"title":"Nos chatons dans leurs familles - Cattery Of True Love","robots":{"index":"index","follow":"follow","max-snippet":"max-snippet:-1","max-image-preview":"max-image-preview:large","max-video-preview":"max-video-preview:-1"},"canonical":"https:\/\/catteryoftruelove.com\/index.php\/nos-chatons-dans-leurs-familles\/","og_locale":"en_US","og_type":"article","og_title":"Nos chatons dans leurs familles - Cattery Of True Love","og_description":"Voici le lien de l&#8217;album Facebook contenant toutes les photos de nos chatons dans leurs familles de l&#8217;ann\u00e9e 2016 \u00e0 aujourd&#8217;hui. https:\/\/www.facebook.com\/media\/set\/?set=a.308357242892508&amp;type=3 Si vous souhaitez voir l&#8217;\u00e9volution d&#8217;un chaton, il vous suffit de taper (dans la barre de recherche Facebook ou Google) son nom complet, son sexe et sa couleur [&hellip;]","og_url":"https:\/\/catteryoftruelove.com\/index.php\/nos-chatons-dans-leurs-familles\/","og_site_name":"Cattery Of True Love","article_publisher":"https:\/\/www.facebook.com\/CatteryOfTrueLove","article_modified_time":"2026-03-24T18:16:00+00:00","og_image":[{"width":2048,"height":1536,"url":"https:\/\/catteryoftruelove.com\/wp-content\/uploads\/2026\/03\/492073475_1165440795377979_8422594015901947790_n.jpg","type":"image\/jpeg"}],"twitter_card":"summary_large_image","twitter_misc":{"Est. reading time":"3 minutes"},"schema":{"@context":"https:\/\/schema.org","@graph":[{"@type":"WebPage","@id":"https:\/\/catteryoftruelove.com\/index.php\/nos-chatons-dans-leurs-familles\/","url":"https:\/\/catteryoftruelove.com\/index.php\/nos-chatons-dans-leurs-familles\/","name":"Nos chatons dans leurs familles - Cattery Of True Love","isPartOf":{"@id":"https:\/\/catteryoftruelove.com\/#website"},"primaryImageOfPage":{"@id":"https:\/\/catteryoftruelove.com\/index.php\/nos-chatons-dans-leurs-familles\/#primaryimage"},"image":{"@id":"https:\/\/catteryoftruelove.com\/index.php\/nos-chatons-dans-leurs-familles\/#primaryimage"},"thumbnailUrl":"https:\/\/catteryoftruelove.com\/wp-content\/uploads\/2026\/03\/492073475_1165440795377979_8422594015901947790_n-1024x768.jpg","datePublished":"2025-02-07T15:21:14+00:00","dateModified":"2026-03-24T18:16:00+00:00","breadcrumb":{"@id":"https:\/\/catteryoftruelove.com\/index.php\/nos-chatons-dans-leurs-familles\/#breadcrumb"},"inLanguage":"en-US","potentialAction":[{"@type":"ReadAction","target":["https:\/\/catteryoftruelove.com\/index.php\/nos-chatons-dans-leurs-familles\/"]}]},{"@type":"ImageObject","inLanguage":"en-US","@id":"https:\/\/catteryoftruelove.com\/index.php\/nos-chatons-dans-leurs-familles\/#primaryimage","url":"https:\/\/catteryoftruelove.com\/wp-content\/uploads\/2026\/03\/492073475_1165440795377979_8422594015901947790_n.jpg","contentUrl":"https:\/\/catteryoftruelove.com\/wp-content\/uploads\/2026\/03\/492073475_1165440795377979_8422594015901947790_n.jpg","width":2048,"height":1536},{"@type":"BreadcrumbList","@id":"https:\/\/catteryoftruelove.com\/index.php\/nos-chatons-dans-leurs-familles\/#breadcrumb","itemListElement":[{"@type":"ListItem","position":1,"name":"Home","item":"https:\/\/catteryoftruelove.com\/"},{"@type":"ListItem","position":2,"name":"Nos chatons dans leurs familles"}]},{"@type":"WebSite","@id":"https:\/\/catteryoftruelove.com\/#website","url":"https:\/\/catteryoftruelove.com\/","name":"Cattery Of True Love","description":"","publisher":{"@id":"https:\/\/catteryoftruelove.com\/#organization"},"potentialAction":[{"@type":"SearchAction","target":{"@type":"EntryPoint","urlTemplate":"https:\/\/catteryoftruelove.com\/?s={search_term_string}"},"query-input":{"@type":"PropertyValueSpecification","valueRequired":true,"valueName":"search_term_string"}}],"inLanguage":"en-US"},{"@type":"Organization","@id":"https:\/\/catteryoftruelove.com\/#organization","name":"Cattery Of True Love","url":"https:\/\/catteryoftruelove.com\/","logo":{"@type":"ImageObject","inLanguage":"en-US","@id":"https:\/\/catteryoftruelove.com\/#\/schema\/logo\/image\/","url":"https:\/\/catteryoftruelove.com\/wp-content\/uploads\/2024\/11\/Bani\u00e8re_cerisier_2024_couvertureFB-1.jpg","contentUrl":"https:\/\/catteryoftruelove.com\/wp-content\/uploads\/2024\/11\/Bani\u00e8re_cerisier_2024_couvertureFB-1.jpg","width":720,"height":378,"caption":"Cattery Of True Love"},"image":{"@id":"https:\/\/catteryoftruelove.com\/#\/schema\/logo\/image\/"},"sameAs":["https:\/\/www.facebook.com\/CatteryOfTrueLove"]}]}},"_links":{"self":[{"href":"https:\/\/catteryoftruelove.com\/index.php\/wp-json\/wp\/v2\/pages\/531","targetHints":{"allow":["GET"]}}],"collection":[{"href":"https:\/\/catteryoftruelove.com\/index.php\/wp-json\/wp\/v2\/pages"}],"about":[{"href":"https:\/\/catteryoftruelove.com\/index.php\/wp-json\/wp\/v2\/types\/page"}],"author":[{"embeddable":true,"href":"https:\/\/catteryoftruelove.com\/index.php\/wp-json\/wp\/v2\/users\/1"}],"replies":[{"embeddable":true,"href":"https:\/\/catteryoftruelove.com\/index.php\/wp-json\/wp\/v2\/comments?post=531"}],"version-history":[{"count":6,"href":"https:\/\/catteryoftruelove.com\/index.php\/wp-json\/wp\/v2\/pages\/531\/revisions"}],"predecessor-version":[{"id":874,"href":"https:\/\/catteryoftruelove.com\/index.php\/wp-json\/wp\/v2\/pages\/531\/revisions\/874"}],"wp:attachment":[{"href":"https:\/\/catteryoftruelove.com\/index.php\/wp-json\/wp\/v2\/media?parent=531"}],"curies":[{"name":"wp","href":"https:\/\/api.w.org\/{rel}","templated":true}]}}