{"id":408,"date":"2024-12-06T16:53:37","date_gmt":"2024-12-06T15:53:37","guid":{"rendered":"https:\/\/catteryoftruelove.com\/?page_id=408"},"modified":"2026-01-09T10:49:52","modified_gmt":"2026-01-09T09:49:52","slug":"mariages-2025","status":"publish","type":"page","link":"https:\/\/catteryoftruelove.com\/index.php\/mariages-2025\/","title":{"rendered":"Nos futurs mariages"},"content":{"rendered":"\n<p><strong>SAUF CHANGEMENT DE DERNIERE MINUTE : IL N&#8217;Y AURA PAS DE NAISSANCE EN 2026.<\/strong><\/p>\n\n\n\n<p>Voici les mariages pr\u00e9vus pour l&#8217;ann\u00e9e 2027 :<\/p>\n\n\n\n<p>Les mariages affich\u00e9s ici sont des pr\u00e9visions, dans l&#8217;ordre de pr\u00e9f\u00e9rence.<br>Il se peux que nos chats et m\u00e8re nature en d\u00e9cident autrement&#8230;<\/p>\n\n\n\n<p><strong>Ultima et Yarpen<\/strong><br>Femelle seal silver tabby point porteuse cinnamon et non-agouti<br>M\u00e2le seal point porteur chocolat et dilution<\/p>\n\n\n\n<p><a href=\"https:\/\/www.pawpeds.com\/db\/?a=p&amp;ids=3:1746964;2:1765447&amp;g=4&amp;p=sbi&amp;o=elastic\">https:\/\/www.pawpeds.com\/db\/?a=p&amp;ids=3:1746964;2:1765447&amp;g=4&amp;p=sbi&amp;o=elastic<\/a><\/p>\n\n\n\n<p>Couleurs attendues : seal\/chocolat en smoke\/silver\/tabby\/point<br>*tout les silver\/tabby seront porteurs non-agouti*<br>**tout les chatons chocolat (lilac) seront porteurs cinnamon**<br>***peut-\u00eatre des blue et lilac si Ultima porte la dilution***<\/p>\n\n\n\n<p>\u2665  \u2665<\/p>\n\n\n\n<figure class=\"wp-block-gallery has-nested-images columns-default is-cropped wp-block-gallery-1 is-layout-flex wp-block-gallery-is-layout-flex\">\n<figure class=\"wp-block-image size-large\"><img loading=\"lazy\" decoding=\"async\" width=\"1024\" height=\"509\" data-id=\"847\" src=\"https:\/\/catteryoftruelove.com\/wp-content\/uploads\/2026\/01\/Picsart_26-01-09_10-46-00-3901-1024x509.png\" alt=\"\" class=\"wp-image-847\" srcset=\"https:\/\/catteryoftruelove.com\/wp-content\/uploads\/2026\/01\/Picsart_26-01-09_10-46-00-3901-1024x509.png 1024w, https:\/\/catteryoftruelove.com\/wp-content\/uploads\/2026\/01\/Picsart_26-01-09_10-46-00-3901-300x149.png 300w, https:\/\/catteryoftruelove.com\/wp-content\/uploads\/2026\/01\/Picsart_26-01-09_10-46-00-3901-768x382.png 768w, https:\/\/catteryoftruelove.com\/wp-content\/uploads\/2026\/01\/Picsart_26-01-09_10-46-00-3901-1536x764.png 1536w, https:\/\/catteryoftruelove.com\/wp-content\/uploads\/2026\/01\/Picsart_26-01-09_10-46-00-3901-2048x1019.png 2048w\" sizes=\"auto, (max-width: 1024px) 100vw, 1024px\" \/><\/figure>\n<\/figure>\n\n\n\n<div class=\"wp-block-columns is-layout-flex wp-container-core-columns-is-layout-1 wp-block-columns-is-layout-flex\">\n<div class=\"wp-block-column is-layout-flow wp-block-column-is-layout-flow\"><\/div>\n\n\n\n<div class=\"wp-block-column is-layout-flow wp-block-column-is-layout-flow\"><\/div>\n<\/div>\n\n\n\n<p><\/p>\n","protected":false},"excerpt":{"rendered":"<p>SAUF CHANGEMENT DE DERNIERE MINUTE : IL N&#8217;Y AURA PAS DE NAISSANCE EN 2026. Voici les mariages pr\u00e9vus pour l&#8217;ann\u00e9e 2027 : Les mariages affich\u00e9s ici sont des pr\u00e9visions, dans l&#8217;ordre de pr\u00e9f\u00e9rence.Il se peux que nos chats et m\u00e8re nature en d\u00e9cident autrement&#8230; Ultima et YarpenFemelle seal silver tabby [&hellip;]<\/p>\n","protected":false},"author":1,"featured_media":0,"parent":0,"menu_order":0,"comment_status":"closed","ping_status":"closed","template":"","meta":{"om_disable_all_campaigns":false,"_monsterinsights_skip_tracking":false,"_monsterinsights_sitenote_active":false,"_monsterinsights_sitenote_note":"","_monsterinsights_sitenote_category":0,"footnotes":""},"class_list":["post-408","page","type-page","status-publish","hentry"],"aioseo_notices":[],"yoast_head":"<!-- This site is optimized with the Yoast SEO plugin v23.9 - https:\/\/yoast.com\/wordpress\/plugins\/seo\/ -->\n<title>Nos futurs mariages - Cattery Of True Love<\/title>\n<meta name=\"robots\" content=\"index, follow, max-snippet:-1, max-image-preview:large, max-video-preview:-1\" \/>\n<link rel=\"canonical\" href=\"https:\/\/catteryoftruelove.com\/index.php\/mariages-2025\/\" \/>\n<meta property=\"og:locale\" content=\"en_US\" \/>\n<meta property=\"og:type\" content=\"article\" \/>\n<meta property=\"og:title\" content=\"Nos futurs mariages - Cattery Of True Love\" \/>\n<meta property=\"og:description\" content=\"SAUF CHANGEMENT DE DERNIERE MINUTE : IL N&#8217;Y AURA PAS DE NAISSANCE EN 2026. Voici les mariages pr\u00e9vus pour l&#8217;ann\u00e9e 2027 : Les mariages affich\u00e9s ici sont des pr\u00e9visions, dans l&#8217;ordre de pr\u00e9f\u00e9rence.Il se peux que nos chats et m\u00e8re nature en d\u00e9cident autrement&#8230; Ultima et YarpenFemelle seal silver tabby [&hellip;]\" \/>\n<meta property=\"og:url\" content=\"https:\/\/catteryoftruelove.com\/index.php\/mariages-2025\/\" \/>\n<meta property=\"og:site_name\" content=\"Cattery Of True Love\" \/>\n<meta property=\"article:publisher\" content=\"https:\/\/www.facebook.com\/CatteryOfTrueLove\" \/>\n<meta property=\"article:modified_time\" content=\"2026-01-09T09:49:52+00:00\" \/>\n<meta property=\"og:image\" content=\"https:\/\/catteryoftruelove.com\/wp-content\/uploads\/2026\/01\/Picsart_26-01-09_10-46-00-3901-1024x509.png\" \/>\n\t<meta property=\"og:image:width\" content=\"1024\" \/>\n\t<meta property=\"og:image:height\" content=\"509\" \/>\n\t<meta property=\"og:image:type\" content=\"image\/png\" \/>\n<meta name=\"twitter:card\" content=\"summary_large_image\" \/>\n<meta name=\"twitter:label1\" content=\"Est. reading time\" \/>\n\t<meta name=\"twitter:data1\" content=\"1 minute\" \/>\n<script type=\"application\/ld+json\" class=\"yoast-schema-graph\">{\"@context\":\"https:\/\/schema.org\",\"@graph\":[{\"@type\":\"WebPage\",\"@id\":\"https:\/\/catteryoftruelove.com\/index.php\/mariages-2025\/\",\"url\":\"https:\/\/catteryoftruelove.com\/index.php\/mariages-2025\/\",\"name\":\"Nos futurs mariages - Cattery Of True Love\",\"isPartOf\":{\"@id\":\"https:\/\/catteryoftruelove.com\/#website\"},\"primaryImageOfPage\":{\"@id\":\"https:\/\/catteryoftruelove.com\/index.php\/mariages-2025\/#primaryimage\"},\"image\":{\"@id\":\"https:\/\/catteryoftruelove.com\/index.php\/mariages-2025\/#primaryimage\"},\"thumbnailUrl\":\"https:\/\/catteryoftruelove.com\/wp-content\/uploads\/2026\/01\/Picsart_26-01-09_10-46-00-3901-1024x509.png\",\"datePublished\":\"2024-12-06T15:53:37+00:00\",\"dateModified\":\"2026-01-09T09:49:52+00:00\",\"breadcrumb\":{\"@id\":\"https:\/\/catteryoftruelove.com\/index.php\/mariages-2025\/#breadcrumb\"},\"inLanguage\":\"en-US\",\"potentialAction\":[{\"@type\":\"ReadAction\",\"target\":[\"https:\/\/catteryoftruelove.com\/index.php\/mariages-2025\/\"]}]},{\"@type\":\"ImageObject\",\"inLanguage\":\"en-US\",\"@id\":\"https:\/\/catteryoftruelove.com\/index.php\/mariages-2025\/#primaryimage\",\"url\":\"https:\/\/catteryoftruelove.com\/wp-content\/uploads\/2026\/01\/Picsart_26-01-09_10-46-00-3901.png\",\"contentUrl\":\"https:\/\/catteryoftruelove.com\/wp-content\/uploads\/2026\/01\/Picsart_26-01-09_10-46-00-3901.png\",\"width\":3464,\"height\":1723},{\"@type\":\"BreadcrumbList\",\"@id\":\"https:\/\/catteryoftruelove.com\/index.php\/mariages-2025\/#breadcrumb\",\"itemListElement\":[{\"@type\":\"ListItem\",\"position\":1,\"name\":\"Home\",\"item\":\"https:\/\/catteryoftruelove.com\/\"},{\"@type\":\"ListItem\",\"position\":2,\"name\":\"Nos futurs mariages\"}]},{\"@type\":\"WebSite\",\"@id\":\"https:\/\/catteryoftruelove.com\/#website\",\"url\":\"https:\/\/catteryoftruelove.com\/\",\"name\":\"Cattery Of True Love\",\"description\":\"\",\"publisher\":{\"@id\":\"https:\/\/catteryoftruelove.com\/#organization\"},\"potentialAction\":[{\"@type\":\"SearchAction\",\"target\":{\"@type\":\"EntryPoint\",\"urlTemplate\":\"https:\/\/catteryoftruelove.com\/?s={search_term_string}\"},\"query-input\":{\"@type\":\"PropertyValueSpecification\",\"valueRequired\":true,\"valueName\":\"search_term_string\"}}],\"inLanguage\":\"en-US\"},{\"@type\":\"Organization\",\"@id\":\"https:\/\/catteryoftruelove.com\/#organization\",\"name\":\"Cattery Of True Love\",\"url\":\"https:\/\/catteryoftruelove.com\/\",\"logo\":{\"@type\":\"ImageObject\",\"inLanguage\":\"en-US\",\"@id\":\"https:\/\/catteryoftruelove.com\/#\/schema\/logo\/image\/\",\"url\":\"https:\/\/catteryoftruelove.com\/wp-content\/uploads\/2024\/11\/Bani\u00e8re_cerisier_2024_couvertureFB-1.jpg\",\"contentUrl\":\"https:\/\/catteryoftruelove.com\/wp-content\/uploads\/2024\/11\/Bani\u00e8re_cerisier_2024_couvertureFB-1.jpg\",\"width\":720,\"height\":378,\"caption\":\"Cattery Of True Love\"},\"image\":{\"@id\":\"https:\/\/catteryoftruelove.com\/#\/schema\/logo\/image\/\"},\"sameAs\":[\"https:\/\/www.facebook.com\/CatteryOfTrueLove\"]}]}<\/script>\n<!-- \/ Yoast SEO plugin. -->","yoast_head_json":{"title":"Nos futurs mariages - Cattery Of True Love","robots":{"index":"index","follow":"follow","max-snippet":"max-snippet:-1","max-image-preview":"max-image-preview:large","max-video-preview":"max-video-preview:-1"},"canonical":"https:\/\/catteryoftruelove.com\/index.php\/mariages-2025\/","og_locale":"en_US","og_type":"article","og_title":"Nos futurs mariages - Cattery Of True Love","og_description":"SAUF CHANGEMENT DE DERNIERE MINUTE : IL N&#8217;Y AURA PAS DE NAISSANCE EN 2026. Voici les mariages pr\u00e9vus pour l&#8217;ann\u00e9e 2027 : Les mariages affich\u00e9s ici sont des pr\u00e9visions, dans l&#8217;ordre de pr\u00e9f\u00e9rence.Il se peux que nos chats et m\u00e8re nature en d\u00e9cident autrement&#8230; Ultima et YarpenFemelle seal silver tabby [&hellip;]","og_url":"https:\/\/catteryoftruelove.com\/index.php\/mariages-2025\/","og_site_name":"Cattery Of True Love","article_publisher":"https:\/\/www.facebook.com\/CatteryOfTrueLove","article_modified_time":"2026-01-09T09:49:52+00:00","og_image":[{"width":1024,"height":509,"url":"https:\/\/catteryoftruelove.com\/wp-content\/uploads\/2026\/01\/Picsart_26-01-09_10-46-00-3901-1024x509.png","type":"image\/png"}],"twitter_card":"summary_large_image","twitter_misc":{"Est. reading time":"1 minute"},"schema":{"@context":"https:\/\/schema.org","@graph":[{"@type":"WebPage","@id":"https:\/\/catteryoftruelove.com\/index.php\/mariages-2025\/","url":"https:\/\/catteryoftruelove.com\/index.php\/mariages-2025\/","name":"Nos futurs mariages - Cattery Of True Love","isPartOf":{"@id":"https:\/\/catteryoftruelove.com\/#website"},"primaryImageOfPage":{"@id":"https:\/\/catteryoftruelove.com\/index.php\/mariages-2025\/#primaryimage"},"image":{"@id":"https:\/\/catteryoftruelove.com\/index.php\/mariages-2025\/#primaryimage"},"thumbnailUrl":"https:\/\/catteryoftruelove.com\/wp-content\/uploads\/2026\/01\/Picsart_26-01-09_10-46-00-3901-1024x509.png","datePublished":"2024-12-06T15:53:37+00:00","dateModified":"2026-01-09T09:49:52+00:00","breadcrumb":{"@id":"https:\/\/catteryoftruelove.com\/index.php\/mariages-2025\/#breadcrumb"},"inLanguage":"en-US","potentialAction":[{"@type":"ReadAction","target":["https:\/\/catteryoftruelove.com\/index.php\/mariages-2025\/"]}]},{"@type":"ImageObject","inLanguage":"en-US","@id":"https:\/\/catteryoftruelove.com\/index.php\/mariages-2025\/#primaryimage","url":"https:\/\/catteryoftruelove.com\/wp-content\/uploads\/2026\/01\/Picsart_26-01-09_10-46-00-3901.png","contentUrl":"https:\/\/catteryoftruelove.com\/wp-content\/uploads\/2026\/01\/Picsart_26-01-09_10-46-00-3901.png","width":3464,"height":1723},{"@type":"BreadcrumbList","@id":"https:\/\/catteryoftruelove.com\/index.php\/mariages-2025\/#breadcrumb","itemListElement":[{"@type":"ListItem","position":1,"name":"Home","item":"https:\/\/catteryoftruelove.com\/"},{"@type":"ListItem","position":2,"name":"Nos futurs mariages"}]},{"@type":"WebSite","@id":"https:\/\/catteryoftruelove.com\/#website","url":"https:\/\/catteryoftruelove.com\/","name":"Cattery Of True Love","description":"","publisher":{"@id":"https:\/\/catteryoftruelove.com\/#organization"},"potentialAction":[{"@type":"SearchAction","target":{"@type":"EntryPoint","urlTemplate":"https:\/\/catteryoftruelove.com\/?s={search_term_string}"},"query-input":{"@type":"PropertyValueSpecification","valueRequired":true,"valueName":"search_term_string"}}],"inLanguage":"en-US"},{"@type":"Organization","@id":"https:\/\/catteryoftruelove.com\/#organization","name":"Cattery Of True Love","url":"https:\/\/catteryoftruelove.com\/","logo":{"@type":"ImageObject","inLanguage":"en-US","@id":"https:\/\/catteryoftruelove.com\/#\/schema\/logo\/image\/","url":"https:\/\/catteryoftruelove.com\/wp-content\/uploads\/2024\/11\/Bani\u00e8re_cerisier_2024_couvertureFB-1.jpg","contentUrl":"https:\/\/catteryoftruelove.com\/wp-content\/uploads\/2024\/11\/Bani\u00e8re_cerisier_2024_couvertureFB-1.jpg","width":720,"height":378,"caption":"Cattery Of True Love"},"image":{"@id":"https:\/\/catteryoftruelove.com\/#\/schema\/logo\/image\/"},"sameAs":["https:\/\/www.facebook.com\/CatteryOfTrueLove"]}]}},"_links":{"self":[{"href":"https:\/\/catteryoftruelove.com\/index.php\/wp-json\/wp\/v2\/pages\/408","targetHints":{"allow":["GET"]}}],"collection":[{"href":"https:\/\/catteryoftruelove.com\/index.php\/wp-json\/wp\/v2\/pages"}],"about":[{"href":"https:\/\/catteryoftruelove.com\/index.php\/wp-json\/wp\/v2\/types\/page"}],"author":[{"embeddable":true,"href":"https:\/\/catteryoftruelove.com\/index.php\/wp-json\/wp\/v2\/users\/1"}],"replies":[{"embeddable":true,"href":"https:\/\/catteryoftruelove.com\/index.php\/wp-json\/wp\/v2\/comments?post=408"}],"version-history":[{"count":51,"href":"https:\/\/catteryoftruelove.com\/index.php\/wp-json\/wp\/v2\/pages\/408\/revisions"}],"predecessor-version":[{"id":849,"href":"https:\/\/catteryoftruelove.com\/index.php\/wp-json\/wp\/v2\/pages\/408\/revisions\/849"}],"wp:attachment":[{"href":"https:\/\/catteryoftruelove.com\/index.php\/wp-json\/wp\/v2\/media?parent=408"}],"curies":[{"name":"wp","href":"https:\/\/api.w.org\/{rel}","templated":true}]}}